 number?
False
Let w be (-1 + 1/2)/(4/27256). Let z = 7305 + w. Is z a prime number?
False
Suppose f - 116980 = 5*l + 80839, -2*l = 16. Is f prime?
True
Let a(s) be the third derivative of 31/24*s**4 + 0 + 0*s - 35/6*s**3 + 15*s**2. Is a(8) a prime number?
False
Suppose 92 = k - 176. Let p be (-2 - 9/(-6)) + k/8. Suppose -4*g = -5*g + p. Is g composite?
True
Let d be (62/(-8))/((-4)/(-32)). Let g = d + 65. Suppose 4*w = -2*u + 768, -u - g*u + 3*w + 1525 = 0. Is u prime?
False
Let u(v) = -182*v**3 - 3*v**2 - 2. Let z be u(-4). Suppose 5*n = 5*a + 25725, 42*n + 8 = 40*n. Let t = z + a. Is t a prime number?
True
Let n be 1 - -23 - (7 - (7 - 1)). Suppose -n*m - 17275 = -28*m. Is m a prime number?
False
Let t be (-2 + -16)*1/(-1). Let c = 22 - t. Suppose 0 = m - c*m + 4443. Is m a prime number?
True
Is (-125834)/(-1) - (71 - 70) a composite number?
True
Let n(v) = -2*v + 14. Let a be n(10). Is (-15)/5 - (-3)/(a/(-8980)) a prime number?
False
Let q = 1530 - -150. Let d = 4177 + q. Is d prime?
True
Suppose -q + 9*g + 3 = 4*g, -4*q = -3*g - 63. Suppose -q*i - 79312 = -34*i. Is i a prime number?
True
Suppose 7504*u = 7528*u - 9511464. Is u prime?
True
Suppose 2*x - 322426 = -x - 4*s, 2*x = 5*s + 214920. Suppose v - x = -21*v. Is v prime?
False
Let s = 162932 - 55369. Is s prime?
True
Let x = 110 + -93. Is (-85)/x + 3465 + 3 a prime number?
True
Let w(g) = -104*g**2 + 5*g + 11. Let r be w(8). Let i = -3910 - r. Let a = i - 1134. Is a a prime number?
False
Let g(s) = 55461*s - 4687. Is g(6) composite?
True
Let a = 3 - 0. Suppose a*w - w = -580. Is 2 - w - (-4 - -1) prime?
False
Suppose 0 = 3*z - 15 - 129. Suppose z*u = 55*u - 406. Is u prime?
False
Let l(u) = 131*u**2 + 40*u + 3. Is l(11) composite?
True
Let g = 13262 + -8775. Is g a composite number?
True
Suppose 15*s = 21*s + s - 2426879. Is s a composite number?
True
Let w(p) = 4*p**3 + 11*p**2 + 73*p + 37. Is w(13) a prime number?
True
Let i be 3*4/(-12) - (-5 + 2). Suppose -632 - 834 = -i*j. Is j prime?
True
Let j be (-91)/(-26) + 1/2. Is (-10)/j*((-188844)/30 + 4) a prime number?
True
Suppose -1580913 = -13*x + 1978104 - 669286. Is x a prime number?
False
Let l(k) = 55978*k + 2159. Is l(33) prime?
True
Is (-8459058)/(-96) + (-150)/800 a prime number?
False
Let h = 20740 - -21127. Is h composite?
True
Suppose -483259 - 32061 = 52*q. Let v = q - -15291. Is v a prime number?
True
Let c = 25771 - 10170. Is c composite?
False
Let o be (-8)/(-6)*(-17)/((-85)/1650). Suppose 0 = -17*c + 767 + o. Is c prime?
True
Is 10/4*64/(-200) - 2428566/(-70) prime?
True
Let x(k) = -1469*k**3 + k**2 - 66*k - 277. Is x(-4) a prime number?
False
Suppose -14*x - 15585 = -y - 10*x, -46691 = -3*y - 4*x. Is y a composite number?
False
Suppose -56 = -5*z + 3*z. Let i = 32 - z. Suppose 0*p - p + 258 = -j, i*p = -5*j + 1041. Is p prime?
False
Suppose -32*l - 7 = -25*l. Is 1 - l/(3/38280) composite?
True
Let v(z) = -180*z**2 + 2*z + 2. Suppose 4*p + 6*j - 2*j + 12 = 0, 2*p = j. Let g be v(p). Let h = g - -659. Is h composite?
False
Let n = 24 - 22. Suppose 3*t = 146 - n. Suppose -f = t - 235. Is f a composite number?
True
Suppose 3*l + z = 1269426, -611*l + 1692557 = -607*l + 5*z. Is l composite?
True
Let y be ((-20)/(-14))/((4/(-7))/(-4)). Suppose -20878 = -y*q + 15072. Suppose 12266 = 13*m + q. Is m composite?
True
Suppose 0 = 152*d - 134*d - 63810. Is d prime?
False
Let n be ((-66)/(-18) - 3)/((-2)/18). Let w be -1487*2 + (n - -9). Let d = 6288 + w. Is d prime?
False
Is ((-2194930)/(-14) + (-2)/(-7))/(-508 + 509) a composite number?
False
Suppose -s = 5*u - 5, 10*u + 3*s + 13 = 9*u. Is (-24610)/(-3 - u) + -4 composite?
True
Let j = 46 + 1032. Let o = j - -859. Is o a prime number?
False
Suppose 46740 + 37910 = 18*b + 16916. Is b a composite number?
True
Suppose -4*o = -b - 82613 - 233837, 3*o = -3*b + 237315. Is o a composite number?
False
Let u(q) = 6*q**2 + 22*q - 8. Let y be 23/(-7)*3 + (-12)/84. Let v be u(y). Suppose -749 = -4*z - o, 8*z + v = 10*z - 2*o. Is z composite?
True
Suppose -18*s - d = -16*s - 1000683, -5*s - 5*d + 2501710 = 0. Is s prime?
True
Suppose 5*o - 7 = -3*u, 0*u + 2 = -2*u - 5*o. Suppose 5*c - u = 16. Suppose 4*f - 292 = f + 2*d, 4*f = c*d + 401. Is f prime?
False
Let d(h) = h**3 + 10*h**2 + 16*h + 2. Let a be d(-8). Suppose 3*k + 3 = 2*r - a, 17 = -3*k - 4*r. Is (441*-1)/k + (3 - 1) prime?
True
Is ((-2)/10)/((-2)/(-4)) + (-5094948)/(-20) composite?
False
Suppose 2*m - 2 = 6. Let k(z) = 27*z**2 - z - 3. Let x(c) = 51*c**2 - 4*c - 7. Let n(v) = 9*k(v) - 4*x(v). Is n(m) a composite number?
False
Let g = -313027 + 444384. Is g prime?
True
Suppose -12 = -h - 3*h + 3*l, 4*l = 4*h - 12. Suppose 0*f + 2*f - 1631 = -i, -8207 = -5*i + h*f. Is i composite?
True
Suppose 32 - 50 = 3*i. Is (-113814)/i + 3/((-6)/8) a composite number?
True
Suppose -4*b + 3*b + 3 = 0. Let t(x) = x + 11*x - b*x - 5*x**2 - 3*x**3 - 2. Is t(-7) composite?
False
Let k = 49623 + 105700. Is k composite?
True
Let l(w) = -860*w**2 + 3*w + 1. Let b(c) = 4299*c**2 - 15*c - 5. Let o(m) = -2*b(m) - 11*l(m). Let t be o(-1). Suppose -401 = -5*z + t. Is z prime?
False
Let k(l) = 74*l + 98121. Is k(0) prime?
False
Let j be (10/3)/(-3 - 22/(-6)). Suppose j*c - 3812 = 3*c. Let a = 43 + c. Is a prime?
True
Suppose 0 = -2*a + 3888 + 6180. Let t = 14872 - 8999. Suppose a + t = 13*c. Is c prime?
True
Suppose 730*t - 365*t - 373*t = -4833624. Is t a prime number?
False
Let p(r) = -6*r**2 - 97*r + 55. Let a be p(-36). Let z = a + 6732. Is z composite?
False
Let w(t) = 31*t**3 + 7*t**2 + 9*t + 30. Let b be w(-6). Let s = b - -9149. Is s composite?
True
Suppose j + 3*j = 3*t - 2949, -1966 = -2*t - 5*j. Suppose 0 = 3*v - 6, -n + 3*v + 546 + t = 0. Is n composite?
True
Let d be ((-18)/3)/(6/(-4)). Let h(y) = -y**3 + 24*y**2 + 178*y + 64. Let w be h(30). Suppose -w*m + 2720 = -3*n, n - d*n + 3373 = 5*m. Is m composite?
False
Let s be (-7 - 8128/40)*-5. Suppose v + 5 = a - 4*a, 4*a - 4*v - 20 = 0. Suppose 2*z = -3*c + s, a*z - 3*z + 2*c = -1609. Is z prime?
False
Let c(y) = 11*y + 2. Let f be c(-2). Let x(k) = 2*k**2 - 26*k + 41. Is x(f) prime?
True
Suppose -c + b + 0*b + 11 = 0, 0 = -2*c - b + 34. Suppose -34*d = -c*d - 18107. Is d a prime number?
True
Let b = 7 - -5. Let s be (-2 - -17)*-1*b/(-30). Let v(z) = 263*z - 35. Is v(s) a composite number?
False
Suppose -25*r + 314187 = -22*r - 112566. Is r composite?
True
Let v = 51 + -40. Suppose -77 = v*r + 11. Is (-2074)/r + (-1)/4 composite?
True
Is (-395001)/(8 + -5)*(-11)/33 composite?
False
Let m be 1*-1 + (-57920)/(-32). Suppose -10*h = -m + 19. Is h prime?
True
Suppose 5*q + 36 - 56 = 0. Let w(n) = n**2 - 5*n + 6. Let g be w(q). Suppose 3*p + 212 = t - g*p, -2*t + 5*p + 449 = 0. Is t prime?
False
Is -8 - -20 - 90938/(-2) a prime number?
True
Suppose 5*d - 4*l + 38 = -38, 0 = 4*d + 4*l + 68. Let a = d + 1757. Is a prime?
True
Suppose 3*t + 5 = -5*f - 0, 4*t = -f - 18. Suppose -o - 5*b = 24, 2*o + f*b = 7 - 23. Is 21*(2 + o/(-12)) composite?
True
Suppose -5*d + 4 = 5*h + 34, -5*h - 21 = -4*d. Let s be 5 + (1/d - -22293). Suppose 0 = t + 2, -s = 2*c - 5*c - 4*t. Is c a prime number?
False
Let v = 2386 + 247. Is v a composite number?
False
Let p(s) = -8*s + 127. Let g be p(15). Suppose -g*n - 19176 = -64781. Is n a composite number?
True
Suppose 2*a = -5*y + 25126 + 5431, -y = -2*a - 6097. Is y a composite number?
True
Suppose -o - 734 = -65. Let w = o - -1256. Is w composite?
False
Let s = -24 - -8. Is (-55892)/s - 2/8 prime?
False
Suppose -3*t + 20 = -5*v, 0 = -3*v - 7 - 5. Let f be (t/1)/(2*1). Let u(k) = 5*k + 541. Is u(f) prime?
True
Suppose 0 = -44*u + 14753422 + 2890534. Is u a composite number?
True
Let n = -32 - -35. Let k be n*(-3)/9 - -3. Suppose -k*l = -7*l + 1535. Is l composite?
False
Suppose -5*f + 3*a + 906 = 0, 3 = -0*a + a. Suppose 2*w - w = 3*d + f, -3*d + 207 = w. Let u = w + -108. Is u prime?
False
Suppose -9*z - 8233 = 56117. Let g = 11657 + z. Is g a prime number?
True
Suppose -5*p + 2748 = -407. Let c = -368 + p. Is c prime?
True
Let f(o) = 5*o - 72. Let y be f(16). Suppose 1693 = -7*s + y*s. Is s prime?
True
Let p(f) be the second derivative of -31*f**5/20 + 5*f**4/12 + f**3/3 + f**2/2 - 7*f - 9. Is p(-3) prime?
True
Suppose 0 = -21*r + 26*r + 4*i - 3, 4*i + 24 = 4*r. Suppose 3*x - 6